{"id":386,"date":"2022-06-22T18:45:53","date_gmt":"2022-06-22T18:45:53","guid":{"rendered":"https:\/\/anillodedios.com\/?page_id=386"},"modified":"2022-06-22T18:45:53","modified_gmt":"2022-06-22T18:45:53","slug":"que-es-el-anillo-de-blakoe","status":"publish","type":"page","link":"https:\/\/anillodedios.com\/index.php\/que-es-el-anillo-de-blakoe\/","title":{"rendered":"\u00bfQu\u00e9 Es El Anillo de Blakoe?"},"content":{"rendered":"<p>\u00bfQu\u00e9 Es El Anillo de Blakoe? Es una pregunta que muchos usuarios del faloculturismo se preguntan, pues es uno de los productos clave en la tem\u00e1tica, pero es confuso pues existen diferentes tipos. Por ejemplo, est\u00e1 el Anillo de Dios, que puedes comprar <a href=\"https:\/\/anillodedios.com\/index.php\/producto\/anillo-de-dios\/\">haciendo click aqu\u00ed<\/a>. El Anillo de Dios es una versi\u00f3n mejorada del Anillo de Blakoe. El Anillo de Blakoe, inventado por el Dr Blakoe, experto en el sector, crea un magnetismo entre el sudor que desprendes, el zinc y el cobre, que hace que generes m\u00e1s testosterona. Y funciona, es as\u00ed. Es por eso que se nos ocurri\u00f3: \u00bfY qu\u00e9 pasa si creamos un Anillo de Blakoe que adem\u00e1s de generar testosterona, tambi\u00e9n alargue el pene? Porque aunque no lo creas, por la forma en la que pones tu pene, tu pene es m\u00e1s grande o m\u00e1s peque\u00f1o, es por ello que los ejercicios jelqing funcionan. Y lo tenemos: el Anillo de Dios. Por lo tanto, el Anillo de Dios, que por cierto, es muy recomendado por <a href=\"https:\/\/www.youtube.com\/watch?v=4c9U72AkjPs&amp;t=28s\">youtubers y usuarios del mundo entero<\/a>, sirve, no s\u00f3lo para generar m\u00e1s cantidad y calidad de testosterona, pero tambi\u00e9n te alargar\u00e1 el pene.<\/p>\n<p>Entonces: \u00bfQu\u00e9 Es El Anillo de Blakoe? En resumidas cuentas, te dir\u00eda que si tienes problemas de erecciones, o eyaculaci\u00f3n precoz&#8230; Cualquier problema derivado con la falta de testosterona o poca testosterona, este Anillo Blakoe o Anillo de Dios te ayudar\u00e1, por lo que te recomiendo <a href=\"https:\/\/anillodedios.com\/index.php\/producto\/anillo-de-dios\/\">comprarlo<\/a> y probarlo totalmente. Adem\u00e1s, como ya te he comentado, con este Anillo de Dios tu pene tambi\u00e9n aumentar\u00e1 de tama\u00f1o. No es algo que nosotros, una tienda online, te digamos. Es algo que dicen miles de usuarios en internet que lo han probado y ya nos recomiendan, usuarios de todos los pa\u00edses que han probado nuestro Anillo de Dios: Espa\u00f1a, M\u00e9xico, Argentina, Uruguay&#8230;<\/p>\n","protected":false},"excerpt":{"rendered":"<p>\u00bfQu\u00e9 Es El Anillo de Blakoe? Es una pregunta que muchos usuarios del faloculturismo se preguntan, pues es uno de los productos clave en la tem\u00e1tica, pero es confuso pues existen diferentes tipos. Por ejemplo, est\u00e1 el Anillo de Dios, que puedes comprar haciendo click aqu\u00ed. El Anillo de Dios es una versi\u00f3n mejorada del [&#8230;]\n","protected":false},"author":2,"featured_media":387,"parent":0,"menu_order":0,"comment_status":"closed","ping_status":"closed","template":"","meta":{"footnotes":""},"class_list":["post-386","page","type-page","status-publish","has-post-thumbnail","hentry"],"yoast_head":"<!-- This site is optimized with the Yoast SEO plugin v27.5 - https:\/\/yoast.com\/product\/yoast-seo-wordpress\/ -->\n<title>\u00bfQu\u00e9 Es El Anillo de Blakoe? - Anillo de Dios<\/title>\n<meta name=\"description\" content=\"\u00bfQu\u00e9 Es El Anillo de Blakoe? Es una pregunta que muchos usuarios del faloculturismo se preguntan, pues es uno de los productos clave\" \/>\n<meta name=\"robots\" content=\"index, follow, max-snippet:-1, max-image-preview:large, max-video-preview:-1\" \/>\n<link rel=\"canonical\" href=\"https:\/\/anillodedios.com\/index.php\/que-es-el-anillo-de-blakoe\/\" \/>\n<meta property=\"og:locale\" content=\"es_ES\" \/>\n<meta property=\"og:type\" content=\"article\" \/>\n<meta property=\"og:title\" content=\"\u00bfQu\u00e9 Es El Anillo de Blakoe? - Anillo de Dios\" \/>\n<meta property=\"og:description\" content=\"\u00bfQu\u00e9 Es El Anillo de Blakoe? Es una pregunta que muchos usuarios del faloculturismo se preguntan, pues es uno de los productos clave\" \/>\n<meta property=\"og:url\" content=\"https:\/\/anillodedios.com\/index.php\/que-es-el-anillo-de-blakoe\/\" \/>\n<meta property=\"og:site_name\" content=\"Anillo de Dios\" \/>\n<meta property=\"og:image\" content=\"https:\/\/anillodedios.com\/wp-content\/uploads\/2022\/06\/Anillo-de-Dios-1.jpg\" \/>\n\t<meta property=\"og:image:width\" content=\"427\" \/>\n\t<meta property=\"og:image:height\" content=\"350\" \/>\n\t<meta property=\"og:image:type\" content=\"image\/jpeg\" \/>\n<meta name=\"twitter:card\" content=\"summary_large_image\" \/>\n<meta name=\"twitter:label1\" content=\"Tiempo de lectura\" \/>\n\t<meta name=\"twitter:data1\" content=\"2 minutos\" \/>\n<script type=\"application\/ld+json\" class=\"yoast-schema-graph\">{\"@context\":\"https:\\\/\\\/schema.org\",\"@graph\":[{\"@type\":\"WebPage\",\"@id\":\"https:\\\/\\\/anillodedios.com\\\/index.php\\\/que-es-el-anillo-de-blakoe\\\/\",\"url\":\"https:\\\/\\\/anillodedios.com\\\/index.php\\\/que-es-el-anillo-de-blakoe\\\/\",\"name\":\"\u00bfQu\u00e9 Es El Anillo de Blakoe? - Anillo de Dios\",\"isPartOf\":{\"@id\":\"https:\\\/\\\/anillodedios.com\\\/#website\"},\"primaryImageOfPage\":{\"@id\":\"https:\\\/\\\/anillodedios.com\\\/index.php\\\/que-es-el-anillo-de-blakoe\\\/#primaryimage\"},\"image\":{\"@id\":\"https:\\\/\\\/anillodedios.com\\\/index.php\\\/que-es-el-anillo-de-blakoe\\\/#primaryimage\"},\"thumbnailUrl\":\"https:\\\/\\\/anillodedios.com\\\/wp-content\\\/uploads\\\/2022\\\/06\\\/Anillo-de-Dios-1.jpg\",\"datePublished\":\"2022-06-22T18:45:53+00:00\",\"description\":\"\u00bfQu\u00e9 Es El Anillo de Blakoe? Es una pregunta que muchos usuarios del faloculturismo se preguntan, pues es uno de los productos clave\",\"breadcrumb\":{\"@id\":\"https:\\\/\\\/anillodedios.com\\\/index.php\\\/que-es-el-anillo-de-blakoe\\\/#breadcrumb\"},\"inLanguage\":\"es\",\"potentialAction\":[{\"@type\":\"ReadAction\",\"target\":[\"https:\\\/\\\/anillodedios.com\\\/index.php\\\/que-es-el-anillo-de-blakoe\\\/\"]}]},{\"@type\":\"ImageObject\",\"inLanguage\":\"es\",\"@id\":\"https:\\\/\\\/anillodedios.com\\\/index.php\\\/que-es-el-anillo-de-blakoe\\\/#primaryimage\",\"url\":\"https:\\\/\\\/anillodedios.com\\\/wp-content\\\/uploads\\\/2022\\\/06\\\/Anillo-de-Dios-1.jpg\",\"contentUrl\":\"https:\\\/\\\/anillodedios.com\\\/wp-content\\\/uploads\\\/2022\\\/06\\\/Anillo-de-Dios-1.jpg\",\"width\":427,\"height\":350,\"caption\":\"\u00bfQu\u00e9 Es El Anillo de Blakoe?\"},{\"@type\":\"BreadcrumbList\",\"@id\":\"https:\\\/\\\/anillodedios.com\\\/index.php\\\/que-es-el-anillo-de-blakoe\\\/#breadcrumb\",\"itemListElement\":[{\"@type\":\"ListItem\",\"position\":1,\"name\":\"Portada\",\"item\":\"https:\\\/\\\/anillodedios.com\\\/\"},{\"@type\":\"ListItem\",\"position\":2,\"name\":\"\u00bfQu\u00e9 Es El Anillo de Blakoe?\"}]},{\"@type\":\"WebSite\",\"@id\":\"https:\\\/\\\/anillodedios.com\\\/#website\",\"url\":\"https:\\\/\\\/anillodedios.com\\\/\",\"name\":\"Anillo de Dios\",\"description\":\"Compra el Anillo de Dios al mejor precio\",\"publisher\":{\"@id\":\"https:\\\/\\\/anillodedios.com\\\/#organization\"},\"potentialAction\":[{\"@type\":\"SearchAction\",\"target\":{\"@type\":\"EntryPoint\",\"urlTemplate\":\"https:\\\/\\\/anillodedios.com\\\/?s={search_term_string}\"},\"query-input\":{\"@type\":\"PropertyValueSpecification\",\"valueRequired\":true,\"valueName\":\"search_term_string\"}}],\"inLanguage\":\"es\"},{\"@type\":\"Organization\",\"@id\":\"https:\\\/\\\/anillodedios.com\\\/#organization\",\"name\":\"Anillo De Dios\",\"url\":\"https:\\\/\\\/anillodedios.com\\\/\",\"logo\":{\"@type\":\"ImageObject\",\"inLanguage\":\"es\",\"@id\":\"https:\\\/\\\/anillodedios.com\\\/#\\\/schema\\\/logo\\\/image\\\/\",\"url\":\"https:\\\/\\\/anillodedios.com\\\/wp-content\\\/uploads\\\/2021\\\/01\\\/a78a90cc-f46e-4c9c-8660-9c42ef4cb8bb_zps19822ba3-1.jpg\",\"contentUrl\":\"https:\\\/\\\/anillodedios.com\\\/wp-content\\\/uploads\\\/2021\\\/01\\\/a78a90cc-f46e-4c9c-8660-9c42ef4cb8bb_zps19822ba3-1.jpg\",\"width\":505,\"height\":396,\"caption\":\"Anillo De Dios\"},\"image\":{\"@id\":\"https:\\\/\\\/anillodedios.com\\\/#\\\/schema\\\/logo\\\/image\\\/\"}}]}<\/script>\n<!-- \/ Yoast SEO plugin. -->","yoast_head_json":{"title":"\u00bfQu\u00e9 Es El Anillo de Blakoe? - Anillo de Dios","description":"\u00bfQu\u00e9 Es El Anillo de Blakoe? Es una pregunta que muchos usuarios del faloculturismo se preguntan, pues es uno de los productos clave","robots":{"index":"index","follow":"follow","max-snippet":"max-snippet:-1","max-image-preview":"max-image-preview:large","max-video-preview":"max-video-preview:-1"},"canonical":"https:\/\/anillodedios.com\/index.php\/que-es-el-anillo-de-blakoe\/","og_locale":"es_ES","og_type":"article","og_title":"\u00bfQu\u00e9 Es El Anillo de Blakoe? - Anillo de Dios","og_description":"\u00bfQu\u00e9 Es El Anillo de Blakoe? Es una pregunta que muchos usuarios del faloculturismo se preguntan, pues es uno de los productos clave","og_url":"https:\/\/anillodedios.com\/index.php\/que-es-el-anillo-de-blakoe\/","og_site_name":"Anillo de Dios","og_image":[{"width":427,"height":350,"url":"https:\/\/anillodedios.com\/wp-content\/uploads\/2022\/06\/Anillo-de-Dios-1.jpg","type":"image\/jpeg"}],"twitter_card":"summary_large_image","twitter_misc":{"Tiempo de lectura":"2 minutos"},"schema":{"@context":"https:\/\/schema.org","@graph":[{"@type":"WebPage","@id":"https:\/\/anillodedios.com\/index.php\/que-es-el-anillo-de-blakoe\/","url":"https:\/\/anillodedios.com\/index.php\/que-es-el-anillo-de-blakoe\/","name":"\u00bfQu\u00e9 Es El Anillo de Blakoe? - Anillo de Dios","isPartOf":{"@id":"https:\/\/anillodedios.com\/#website"},"primaryImageOfPage":{"@id":"https:\/\/anillodedios.com\/index.php\/que-es-el-anillo-de-blakoe\/#primaryimage"},"image":{"@id":"https:\/\/anillodedios.com\/index.php\/que-es-el-anillo-de-blakoe\/#primaryimage"},"thumbnailUrl":"https:\/\/anillodedios.com\/wp-content\/uploads\/2022\/06\/Anillo-de-Dios-1.jpg","datePublished":"2022-06-22T18:45:53+00:00","description":"\u00bfQu\u00e9 Es El Anillo de Blakoe? Es una pregunta que muchos usuarios del faloculturismo se preguntan, pues es uno de los productos clave","breadcrumb":{"@id":"https:\/\/anillodedios.com\/index.php\/que-es-el-anillo-de-blakoe\/#breadcrumb"},"inLanguage":"es","potentialAction":[{"@type":"ReadAction","target":["https:\/\/anillodedios.com\/index.php\/que-es-el-anillo-de-blakoe\/"]}]},{"@type":"ImageObject","inLanguage":"es","@id":"https:\/\/anillodedios.com\/index.php\/que-es-el-anillo-de-blakoe\/#primaryimage","url":"https:\/\/anillodedios.com\/wp-content\/uploads\/2022\/06\/Anillo-de-Dios-1.jpg","contentUrl":"https:\/\/anillodedios.com\/wp-content\/uploads\/2022\/06\/Anillo-de-Dios-1.jpg","width":427,"height":350,"caption":"\u00bfQu\u00e9 Es El Anillo de Blakoe?"},{"@type":"BreadcrumbList","@id":"https:\/\/anillodedios.com\/index.php\/que-es-el-anillo-de-blakoe\/#breadcrumb","itemListElement":[{"@type":"ListItem","position":1,"name":"Portada","item":"https:\/\/anillodedios.com\/"},{"@type":"ListItem","position":2,"name":"\u00bfQu\u00e9 Es El Anillo de Blakoe?"}]},{"@type":"WebSite","@id":"https:\/\/anillodedios.com\/#website","url":"https:\/\/anillodedios.com\/","name":"Anillo de Dios","description":"Compra el Anillo de Dios al mejor precio","publisher":{"@id":"https:\/\/anillodedios.com\/#organization"},"potentialAction":[{"@type":"SearchAction","target":{"@type":"EntryPoint","urlTemplate":"https:\/\/anillodedios.com\/?s={search_term_string}"},"query-input":{"@type":"PropertyValueSpecification","valueRequired":true,"valueName":"search_term_string"}}],"inLanguage":"es"},{"@type":"Organization","@id":"https:\/\/anillodedios.com\/#organization","name":"Anillo De Dios","url":"https:\/\/anillodedios.com\/","logo":{"@type":"ImageObject","inLanguage":"es","@id":"https:\/\/anillodedios.com\/#\/schema\/logo\/image\/","url":"https:\/\/anillodedios.com\/wp-content\/uploads\/2021\/01\/a78a90cc-f46e-4c9c-8660-9c42ef4cb8bb_zps19822ba3-1.jpg","contentUrl":"https:\/\/anillodedios.com\/wp-content\/uploads\/2021\/01\/a78a90cc-f46e-4c9c-8660-9c42ef4cb8bb_zps19822ba3-1.jpg","width":505,"height":396,"caption":"Anillo De Dios"},"image":{"@id":"https:\/\/anillodedios.com\/#\/schema\/logo\/image\/"}}]}},"_links":{"self":[{"href":"https:\/\/anillodedios.com\/index.php\/wp-json\/wp\/v2\/pages\/386","targetHints":{"allow":["GET"]}}],"collection":[{"href":"https:\/\/anillodedios.com\/index.php\/wp-json\/wp\/v2\/pages"}],"about":[{"href":"https:\/\/anillodedios.com\/index.php\/wp-json\/wp\/v2\/types\/page"}],"author":[{"embeddable":true,"href":"https:\/\/anillodedios.com\/index.php\/wp-json\/wp\/v2\/users\/2"}],"replies":[{"embeddable":true,"href":"https:\/\/anillodedios.com\/index.php\/wp-json\/wp\/v2\/comments?post=386"}],"version-history":[{"count":1,"href":"https:\/\/anillodedios.com\/index.php\/wp-json\/wp\/v2\/pages\/386\/revisions"}],"predecessor-version":[{"id":388,"href":"https:\/\/anillodedios.com\/index.php\/wp-json\/wp\/v2\/pages\/386\/revisions\/388"}],"wp:featuredmedia":[{"embeddable":true,"href":"https:\/\/anillodedios.com\/index.php\/wp-json\/wp\/v2\/media\/387"}],"wp:attachment":[{"href":"https:\/\/anillodedios.com\/index.php\/wp-json\/wp\/v2\/media?parent=386"}],"curies":[{"name":"wp","href":"https:\/\/api.w.org\/{rel}","templated":true}]}}