{"id":11,"date":"2021-01-30T20:23:12","date_gmt":"2021-01-30T20:23:12","guid":{"rendered":"https:\/\/anillodedios.com\/?post_type=product&#038;p=11"},"modified":"2026-05-10T07:41:43","modified_gmt":"2026-05-10T07:41:43","slug":"anillo-de-dios","status":"publish","type":"product","link":"https:\/\/anillodedios.com\/index.php\/producto\/anillo-de-dios\/","title":{"rendered":"ANILLO DE DIOS"},"content":{"rendered":"<p>El aut\u00e9ntico y original <strong>Anillo de Dios<\/strong>. Uno de los responsables directos del <strong>aumento del tama\u00f1o del pene<\/strong> en cientos de miles de hombres alrededor de todo el mundo. Tambi\u00e9n es el mejor <strong>potenciador de la testosterona masculina<\/strong>.<\/p>\n<p>Ahora bien&#8230; <strong>\u00bfC\u00f3mo funciona?<\/strong> Pues bien&#8230;<\/p>\n<ul>\n<li>Tiene Zinc y cobre electro-din\u00e1mico, que produce un flujo perpetuo de energ\u00eda el\u00e9ctrica (hasta 1,49 voltios) cuando est\u00e1 en contacto con la humedad natural de la piel. Esta peque\u00f1a cantidad de corriente galv\u00e1nica sin dolor estimula el crecimiento celular mediante la activaci\u00f3n de se\u00f1al intracelular, tambi\u00e9n estimula las c\u00e9lulas de Leydig en los test\u00edculos para producir cantidades incre\u00edbles de testosterona,. Y tambi\u00e9n permite la absorci\u00f3n transd\u00e9rmica de los muy beneficiosos elementos de Zinc y cobre. El Zinc s\u00faper suave aumenta la absorci\u00f3n y se a\u00f1ade a todo esto los magn\u00edficos efectos de las dos esferas magn\u00e9ticas de neodimio de alta potencia para estimular suavemente el flujo sangu\u00edneo y la reproducci\u00f3n celular.<\/li>\n<\/ul>\n<p><strong>\u00bfY c\u00f3mo se usa?<\/strong><\/p>\n<ul>\n<li>Puedes llevarlo alrededor el pene y los test\u00edculos, o simplemente alrededor de los test\u00edculos. Una vez lo llevas puesto, apenas notar\u00e1s la presencia del Anillo. El tama\u00f1o del anillo es ajustable. Hay algunos que prefieren llevarlo todo el d\u00eda, o bien s\u00f3lo durante algunas horas.<\/li>\n<\/ul>\n<p><strong>\u00bfPero tiene alg\u00fan riesgo?<\/strong><\/p>\n<ul>\n<li>Pues lo cierto es que no, de hecho, es lo m\u00e1s seguro que vas a encontrar. Son miles los hombres que lo han probado y jam\u00e1s han tenido problema alguno.<\/li>\n<\/ul>\n<p><strong>\u00bfY es discreto de llevar?<\/strong><\/p>\n<ul>\n<li>S\u00ed, puedes llevarlo a todas horas, incluso en la playa, nadie lo notar\u00eda. \u00a1Ya no tienes excusa para obtener el pene que siempre quisiste u obtener unos niveles \u00f3ptimos de testosterona!<\/li>\n<\/ul>\n<p><strong>\u00bfAct\u00faa como retardante?<\/strong><\/p>\n<ul>\n<li>\u00a1S\u00ed! De hecho es uno de sus mayores beneficios. El sexo ser\u00e1 m\u00e1s largo y placentero.<\/li>\n<\/ul>\n<p><strong>\u00bfMejora las erecciones?<\/strong><\/p>\n<ul>\n<li>Precisamente ese es otro de sus grandes beneficios. Las erecciones son notablemente mejores al aplicar su uso.<\/li>\n<\/ul>\n<div class=\"video-shortcode\"><iframe loading=\"lazy\" title=\"Compra tu Anillo de Dios en ANILLODEDIOS.COM\" width=\"1020\" height=\"574\" src=\"https:\/\/www.youtube.com\/embed\/51zko81ryWY?feature=oembed\" frameborder=\"0\" allow=\"accelerometer; autoplay; clipboard-write; encrypted-media; gyroscope; picture-in-picture; web-share\" referrerpolicy=\"strict-origin-when-cross-origin\" allowfullscreen><\/iframe><\/div>\n<\/p>\n<p>\u00a0<\/p>\n<p>\u00a0<\/p>\n\t<section class=\"section\" id=\"section_1904093846\">\n\t\t<div class=\"bg section-bg fill bg-fill  bg-loaded\" >\n\n\t\t\t\n\t\t\t\n\t\t\t\n\n\t\t<\/div>\n\n\t\t\n\n\t\t<div class=\"section-content relative\">\n\t\t\t\n<div class=\"row\"  id=\"row-180275894\">\n\n\t<div id=\"col-2012597497\" class=\"col small-12 large-12\"  >\n\t\t\t\t<div class=\"col-inner text-center\"  >\n\t\t\t\n\t\t\t\n<h2>Sobre el M\u00e9todo de Pago<\/h2>\n\t\t<\/div>\n\t\t\t\t\t<\/div>\n\n\t\n<\/div>\n<div class=\"row align-center row-box-shadow-1\"  id=\"row-1872411143\">\n\n\t<div id=\"col-137505943\" class=\"col medium-10 small-12 large-9\"  >\n\t\t\t\t<div class=\"col-inner\" style=\"background-color:rgb(255,255,255);\" >\n\t\t\t\n\t\t\t\n<div class=\"accordion\" rel=\"\">\n<div class=\"accordion-item\"><a href=\"#\" class=\"accordion-title plain\"><button class=\"toggle\"><i class=\"icon-angle-down\"><\/i><\/button><span>\u00bfEs seguro comprar en AnilloDeDios.com?<\/span><\/a><div class=\"accordion-inner\">\n<p>Llevamos operando en esta misma p\u00e1gina desde hace a\u00f1os, vendiendo m\u00e1s de 16.000 unidades del Anillo de Dios, teniendo as\u00ed a miles de usuarios satisfechos de diferentes pa\u00edses. Comprar en nuestra p\u00e1gina es m\u00e1s que seguro. Adem\u00e1s contamos con conexi\u00f3n SSL verificada y contamos con el mejor proveedor de pagos.<\/p>\n<\/div><\/div>\n<div class=\"accordion-item\"><a href=\"#\" class=\"accordion-title plain\"><button class=\"toggle\"><i class=\"icon-angle-down\"><\/i><\/button><span>\u00bfC\u00f3mo de an\u00f3nimo es comprar?<\/span><\/a><div class=\"accordion-inner\">\n<p>Una vez a\u00f1adas el pedido a tu carrito, se te redirigir\u00e1 a una p\u00e1gina para rellenar los datos de env\u00edo de tu pedido. Estos datos se recopilan con la \u00fanica finalidad de realizar el env\u00edo y son 100% an\u00f3nimos, es decir, que nadie podr\u00e1 tener acceso a ellos, m\u00e1s que nosotros a la hora de procesar el pedido. Para nosotros la privacidad de nuestros clientes es esencial.<\/p>\n<\/div><\/div>\n<div class=\"accordion-item\"><a href=\"#\" class=\"accordion-title plain\"><button class=\"toggle\"><i class=\"icon-angle-down\"><\/i><\/button><span>\u00bfQu\u00e9 tipo de m\u00e9todo de pago acept\u00e1is?<\/span><\/a><div class=\"accordion-inner\">\n<p>Aceptamos transferencia bancaria, pago mediante Wise, tarjeta de cr\u00e9dito o d\u00e9bito y criptomonedas. Nuestro objetivo primordial y esencia de negocio es la de mantener la privacidad de nuestros clientes, llevamos a\u00f1os demostr\u00e1ndolo mandando paquetes 100% discretos (s\u00f3lo t\u00fa puedes saber lo que hay dentro) y hemos implementado un servicio de pagos tambi\u00e9n 100% an\u00f3nimo para proteger tu privacidad, de modo que puedes optar por pagar con transferencia bancaria o Wise o v\u00eda criptomonedas, que es la mejor opci\u00f3n para realizar un pago online 100% an\u00f3nimo, pues no deja ning\u00fan rastro para ti y es la mejor manera de evitar posibles preguntas inc\u00f3modas de tu pareja y dem\u00e1s.<\/p>\n<\/div><\/div>\n<div class=\"accordion-item\"><a href=\"#\" class=\"accordion-title plain\"><button class=\"toggle\"><i class=\"icon-angle-down\"><\/i><\/button><span>\u00bfPuedo comprar desde cualquier pa\u00eds?<\/span><\/a><div class=\"accordion-inner\">\n<p>\u00a1S\u00ed! Enviamos a todos los pa\u00edses del mundo. Nuestro sistema de aceptaci\u00f3n de pagos nos permite recibir pagos de todos los pa\u00edses y todas las divisas, el precio que se muestra es el D\u00f3lar Americano (USD$) pero puedes hacer la conversi\u00f3n de d\u00f3lar a tu moneda local mediante Google, y de esta forma podr\u00e1s saber cu\u00e1nto estar\u00edas pagando en el momento de la compra. De forma temporal es posible que se muestre el precio en Euro (\u20ac). No debes preocuparte en absoluto: simplemente paga con tu tarjeta con normalidad y el cambio se har\u00e1 autom\u00e1ticamente.<\/p>\n<\/div><\/div>\n<\/div>\n\t\t<\/div>\n\t\t\t\t\t<\/div>\n\n\t\n\n<style>\n#row-1872411143 > .col > .col-inner {\n  padding: 0px 0px 0px 0px;\n}\n@media (min-width:550px) {\n  #row-1872411143 > .col > .col-inner {\n    padding: 30px 30px 30px 30px;\n  }\n}\n<\/style>\n<\/div>\n\t\t<\/div>\n\n\t\t\n<style>\n#section_1904093846 {\n  padding-top: 60px;\n  padding-bottom: 60px;\n  background-color: rgb(255,255,255);\n}\n#section_1904093846 .ux-shape-divider--top svg {\n  height: 150px;\n  --divider-top-width: 100%;\n}\n#section_1904093846 .ux-shape-divider--bottom svg {\n  height: 150px;\n  --divider-width: 100%;\n}\n<\/style>\n\t<\/section>\n\t\n\t<section class=\"section\" id=\"section_168298503\">\n\t\t<div class=\"bg section-bg fill bg-fill  bg-loaded\" >\n\n\t\t\t\n\t\t\t\n\t\t\t\n\n\t\t<\/div>\n\n\t\t\n\n\t\t<div class=\"section-content relative\">\n\t\t\t\n<div class=\"row\"  id=\"row-268267591\">\n\n\t<div id=\"col-1453128538\" class=\"col small-12 large-12\"  >\n\t\t\t\t<div class=\"col-inner text-center\"  >\n\t\t\t\n\t\t\t\n<h2>Sobre Nuestros Env\u00edos<\/h2>\n\t\t<\/div>\n\t\t\t\t\t<\/div>\n\n\t\n<\/div>\n<div class=\"row align-center row-box-shadow-1\"  id=\"row-743523001\">\n\n\t<div id=\"col-1535923059\" class=\"col medium-10 small-12 large-9\"  >\n\t\t\t\t<div class=\"col-inner\" style=\"background-color:rgb(255,255,255);\" >\n\t\t\t\n\t\t\t\n<div class=\"accordion\" rel=\"\">\n<div class=\"accordion-item\"><a href=\"#\" class=\"accordion-title plain\"><button class=\"toggle\"><i class=\"icon-angle-down\"><\/i><\/button><span>\u00bfCu\u00e1nto tard\u00e1is en enviar?<\/span><\/a><div class=\"accordion-inner\">\n<p>Desde el momento en el que se procesa el pago, por lo general, en menos de 24 horas ya habremos enviado tu pedido. En festivos o vacaciones, entre otros posibles d\u00edas especiales, puede demorar m\u00e1s, pero por lo general, ese es el rango de tiempo que tardamos en procesar los pedidos.<\/p>\n<\/div><\/div>\n<div class=\"accordion-item\"><a href=\"#\" class=\"accordion-title plain\"><button class=\"toggle\"><i class=\"icon-angle-down\"><\/i><\/button><span>\u00bfEl paquete es discreto?<\/span><\/a><div class=\"accordion-inner\">\n<p>S\u00ed, nuestros paquetes son especialmente discretos. La privacidad de nuestros compradores es un pilar fundamental en nuestro negocio, s\u00f3lo nuestros clientes podr\u00e1n ser conocedores de lo que hay dentro del paquete.<\/p>\n<\/div><\/div>\n<div class=\"accordion-item\"><a href=\"#\" class=\"accordion-title plain\"><button class=\"toggle\"><i class=\"icon-angle-down\"><\/i><\/button><span>\u00bfPor qu\u00e9 no me hab\u00e9is mandado el seguimiento?<\/span><\/a><div class=\"accordion-inner\">\n<p>Prueba a revisar tu correo, el mismo con el que realizaste la compra de tu Anillo de Dios, en la bandeja &#8216;spam&#8217;, ya que a veces el sistema lo detecta como spam. Si acabas de realizar la orden, espera unas horas hasta que hayamos procesado tu pedido para poder darte el n\u00famero de seguimiento. No te preocupes, nosotros siempre mandamos n\u00famero de seguimiento para que puedas seguir tu pedido.<\/p>\n<\/div><\/div>\n<div class=\"accordion-item\"><a href=\"#\" class=\"accordion-title plain\"><button class=\"toggle\"><i class=\"icon-angle-down\"><\/i><\/button><span>\u00bfPor qu\u00e9 mi n\u00famero de seguimiento no funciona?<\/span><\/a><div class=\"accordion-inner\">\n<p>A veces puede tardar unas horas, incluso unos d\u00edas en llegar a funcionar, pues depende del pa\u00eds de destino empieza a actualizarse una vez llega al aeropuerto de destino. Por lo general no es as\u00ed, aunque puede ser.<\/p>\n<\/div><\/div>\n<div class=\"accordion-item\"><a href=\"#\" class=\"accordion-title plain\"><button class=\"toggle\"><i class=\"icon-angle-down\"><\/i><\/button><span>\u00bfCon qu\u00e9 empresa transportista trabaj\u00e1is?<\/span><\/a><div class=\"accordion-inner\">\n<p>Depende del pa\u00eds del pedido, en Espa\u00f1a trabajamos normalmente con Correos aunque para hacerlo m\u00e1s asequible de forma puntual podemos llegar a trabajar con alguna otra compa\u00f1\u00eda. Si quieres comprobar la empresa transportista de tu pedido, una vez te hayamos enviado el n\u00famero de seguimiento en la p\u00e1gina recomendada para hacer el seguimiento te aparecer\u00e1 el nombre de la misma. En caso de problema con el env\u00edo podr\u00e1s referirte a la misma para concretar recogida\/entrega del mismo, a parte de otros posibles problemas (no comunes) que puedan llegar a surgir.<\/p>\n<\/div><\/div>\n<\/div>\n\t\t<\/div>\n\t\t\t\t\t<\/div>\n\n\t\n\n<style>\n#row-743523001 > .col > .col-inner {\n  padding: 0px 0px 0px 0px;\n}\n@media (min-width:550px) {\n  #row-743523001 > .col > .col-inner {\n    padding: 30px 30px 30px 30px;\n  }\n}\n<\/style>\n<\/div>\n\t\t<\/div>\n\n\t\t\n<style>\n#section_168298503 {\n  padding-top: 60px;\n  padding-bottom: 60px;\n  background-color: rgb(255,255,255);\n}\n#section_168298503 .ux-shape-divider--top svg {\n  height: 150px;\n  --divider-top-width: 100%;\n}\n#section_168298503 .ux-shape-divider--bottom svg {\n  height: 150px;\n  --divider-width: 100%;\n}\n<\/style>\n\t<\/section>\n\t\n","protected":false},"excerpt":{"rendered":"<p><strong>\u00a1Oferta limitada! <\/strong>\u00a0<strong><em><span style=\"color: #ff0000;\"><del>135.99\u20ac<\/del><\/span><\/em><\/strong><span style=\"color: #ff0000;\">\u00a0<span style=\"color: #00ff00;\"><em><strong>(ahora <\/strong><\/em><\/span><span style=\"color: #00ff00;\"><em><strong>76.35\u20ac)<\/strong><\/em><\/span><\/span><\/p>\n<ul>\n<li>Env\u00edo internacional <strong>disponible<\/strong><\/li>\n<li>El paquete es totalmente <strong>discreto<\/strong> (solo t\u00fa puedes saber qu\u00e9 hay dentro)<\/li>\n<li>Es 100% <strong>seguro<\/strong> y <strong>funcional<\/strong>, son miles los hombres que ya lo han probado<\/li>\n<\/ul>\n<p>\u00a1Es la hora! La hora de que logres una vida sexual admirable, la que siempre quisiste.<\/p>\n<p><img loading=\"lazy\" decoding=\"async\" class=\"alignnone size-medium wp-image-30\" src=\"https:\/\/anillodedios.com\/wp-content\/uploads\/2021\/01\/pagoseguro-stripe-1-300x129.png\" alt=\"\" width=\"300\" height=\"129\" srcset=\"https:\/\/anillodedios.com\/wp-content\/uploads\/2021\/01\/pagoseguro-stripe-1-200x86.png 200w, https:\/\/anillodedios.com\/wp-content\/uploads\/2021\/01\/pagoseguro-stripe-1-300x129.png 300w, https:\/\/anillodedios.com\/wp-content\/uploads\/2021\/01\/pagoseguro-stripe-1-400x172.png 400w, https:\/\/anillodedios.com\/wp-content\/uploads\/2021\/01\/pagoseguro-stripe-1-500x215.png 500w, https:\/\/anillodedios.com\/wp-content\/uploads\/2021\/01\/pagoseguro-stripe-1-510x219.png 510w, https:\/\/anillodedios.com\/wp-content\/uploads\/2021\/01\/pagoseguro-stripe-1.png 593w\" sizes=\"auto, (max-width: 300px) 100vw, 300px\" \/><\/p>\n","protected":false},"featured_media":45,"comment_status":"open","ping_status":"closed","template":"","meta":[],"product_brand":[],"product_cat":[17],"product_tag":[16],"class_list":{"0":"post-11","1":"product","2":"type-product","3":"status-publish","4":"has-post-thumbnail","6":"product_cat-anillo-de-dios","7":"product_tag-anillo-de-dios","9":"first","10":"instock","11":"sale","12":"shipping-taxable","13":"purchasable","14":"product-type-simple"},"yoast_head":"<!-- This site is optimized with the Yoast SEO plugin v27.5 - https:\/\/yoast.com\/product\/yoast-seo-wordpress\/ -->\n<title>ANILLO DE DIOS - Comprar Ya En AnilloDeDios.com<\/title>\n<meta name=\"description\" content=\"Env\u00edo Internacional 100% Gratuito | Aut\u00e9ntico y Original Anillo De Dios Que Har\u00e1 Aumentar Tu Testosterona \ud83d\udd25\" \/>\n<meta name=\"robots\" content=\"index, follow, max-snippet:-1, max-image-preview:large, max-video-preview:-1\" \/>\n<link rel=\"canonical\" href=\"https:\/\/anillodedios.com\/index.php\/producto\/anillo-de-dios\/\" \/>\n<meta property=\"og:locale\" content=\"es_ES\" \/>\n<meta property=\"og:type\" content=\"article\" \/>\n<meta property=\"og:title\" content=\"ANILLO DE DIOS - Comprar Ya En AnilloDeDios.com\" \/>\n<meta property=\"og:description\" content=\"Env\u00edo Internacional 100% Gratuito | Aut\u00e9ntico y Original Anillo De Dios Que Har\u00e1 Aumentar Tu Testosterona \ud83d\udd25\" \/>\n<meta property=\"og:url\" content=\"https:\/\/anillodedios.com\/index.php\/producto\/anillo-de-dios\/\" \/>\n<meta property=\"og:site_name\" content=\"Anillo de Dios\" \/>\n<meta property=\"article:modified_time\" content=\"2026-05-10T07:41:43+00:00\" \/>\n<meta property=\"og:image\" content=\"https:\/\/anillodedios.com\/wp-content\/uploads\/2021\/01\/a78a90cc-f46e-4c9c-8660-9c42ef4cb8bb_zps19822ba3-1.jpg\" \/>\n\t<meta property=\"og:image:width\" content=\"505\" \/>\n\t<meta property=\"og:image:height\" content=\"396\" \/>\n\t<meta property=\"og:image:type\" content=\"image\/jpeg\" \/>\n<meta name=\"twitter:card\" content=\"summary_large_image\" \/>\n<meta name=\"twitter:label1\" content=\"Tiempo de lectura\" \/>\n\t<meta name=\"twitter:data1\" content=\"6 minutos\" \/>\n<script type=\"application\/ld+json\" class=\"yoast-schema-graph\">{\"@context\":\"https:\\\/\\\/schema.org\",\"@graph\":[{\"@type\":\"WebPage\",\"@id\":\"https:\\\/\\\/anillodedios.com\\\/index.php\\\/producto\\\/anillo-de-dios\\\/\",\"url\":\"https:\\\/\\\/anillodedios.com\\\/index.php\\\/producto\\\/anillo-de-dios\\\/\",\"name\":\"ANILLO DE DIOS - Comprar Ya En AnilloDeDios.com\",\"isPartOf\":{\"@id\":\"https:\\\/\\\/anillodedios.com\\\/#website\"},\"primaryImageOfPage\":{\"@id\":\"https:\\\/\\\/anillodedios.com\\\/index.php\\\/producto\\\/anillo-de-dios\\\/#primaryimage\"},\"image\":{\"@id\":\"https:\\\/\\\/anillodedios.com\\\/index.php\\\/producto\\\/anillo-de-dios\\\/#primaryimage\"},\"thumbnailUrl\":\"https:\\\/\\\/anillodedios.com\\\/wp-content\\\/uploads\\\/2021\\\/01\\\/a78a90cc-f46e-4c9c-8660-9c42ef4cb8bb_zps19822ba3-1.jpg\",\"datePublished\":\"2021-01-30T20:23:12+00:00\",\"dateModified\":\"2026-05-10T07:41:43+00:00\",\"description\":\"Env\u00edo Internacional 100% Gratuito | Aut\u00e9ntico y Original Anillo De Dios Que Har\u00e1 Aumentar Tu Testosterona \ud83d\udd25\",\"breadcrumb\":{\"@id\":\"https:\\\/\\\/anillodedios.com\\\/index.php\\\/producto\\\/anillo-de-dios\\\/#breadcrumb\"},\"inLanguage\":\"es\",\"potentialAction\":[{\"@type\":\"ReadAction\",\"target\":[\"https:\\\/\\\/anillodedios.com\\\/index.php\\\/producto\\\/anillo-de-dios\\\/\"]}]},{\"@type\":\"ImageObject\",\"inLanguage\":\"es\",\"@id\":\"https:\\\/\\\/anillodedios.com\\\/index.php\\\/producto\\\/anillo-de-dios\\\/#primaryimage\",\"url\":\"https:\\\/\\\/anillodedios.com\\\/wp-content\\\/uploads\\\/2021\\\/01\\\/a78a90cc-f46e-4c9c-8660-9c42ef4cb8bb_zps19822ba3-1.jpg\",\"contentUrl\":\"https:\\\/\\\/anillodedios.com\\\/wp-content\\\/uploads\\\/2021\\\/01\\\/a78a90cc-f46e-4c9c-8660-9c42ef4cb8bb_zps19822ba3-1.jpg\",\"width\":505,\"height\":396,\"caption\":\"Este es el Anillo de Dios o Blakoe de Testosterona\"},{\"@type\":\"BreadcrumbList\",\"@id\":\"https:\\\/\\\/anillodedios.com\\\/index.php\\\/producto\\\/anillo-de-dios\\\/#breadcrumb\",\"itemListElement\":[{\"@type\":\"ListItem\",\"position\":1,\"name\":\"Portada\",\"item\":\"https:\\\/\\\/anillodedios.com\\\/\"},{\"@type\":\"ListItem\",\"position\":2,\"name\":\"Tienda\",\"item\":\"https:\\\/\\\/anillodedios.com\\\/index.php\\\/tienda\\\/\"},{\"@type\":\"ListItem\",\"position\":3,\"name\":\"ANILLO DE DIOS\"}]},{\"@type\":\"WebSite\",\"@id\":\"https:\\\/\\\/anillodedios.com\\\/#website\",\"url\":\"https:\\\/\\\/anillodedios.com\\\/\",\"name\":\"Anillo de Dios\",\"description\":\"Compra el Anillo de Dios al mejor precio\",\"publisher\":{\"@id\":\"https:\\\/\\\/anillodedios.com\\\/#organization\"},\"potentialAction\":[{\"@type\":\"SearchAction\",\"target\":{\"@type\":\"EntryPoint\",\"urlTemplate\":\"https:\\\/\\\/anillodedios.com\\\/?s={search_term_string}\"},\"query-input\":{\"@type\":\"PropertyValueSpecification\",\"valueRequired\":true,\"valueName\":\"search_term_string\"}}],\"inLanguage\":\"es\"},{\"@type\":\"Organization\",\"@id\":\"https:\\\/\\\/anillodedios.com\\\/#organization\",\"name\":\"Anillo De Dios\",\"url\":\"https:\\\/\\\/anillodedios.com\\\/\",\"logo\":{\"@type\":\"ImageObject\",\"inLanguage\":\"es\",\"@id\":\"https:\\\/\\\/anillodedios.com\\\/#\\\/schema\\\/logo\\\/image\\\/\",\"url\":\"https:\\\/\\\/anillodedios.com\\\/wp-content\\\/uploads\\\/2021\\\/01\\\/a78a90cc-f46e-4c9c-8660-9c42ef4cb8bb_zps19822ba3-1.jpg\",\"contentUrl\":\"https:\\\/\\\/anillodedios.com\\\/wp-content\\\/uploads\\\/2021\\\/01\\\/a78a90cc-f46e-4c9c-8660-9c42ef4cb8bb_zps19822ba3-1.jpg\",\"width\":505,\"height\":396,\"caption\":\"Anillo De Dios\"},\"image\":{\"@id\":\"https:\\\/\\\/anillodedios.com\\\/#\\\/schema\\\/logo\\\/image\\\/\"}}]}<\/script>\n<!-- \/ Yoast SEO plugin. -->","yoast_head_json":{"title":"ANILLO DE DIOS - Comprar Ya En AnilloDeDios.com","description":"Env\u00edo Internacional 100% Gratuito | Aut\u00e9ntico y Original Anillo De Dios Que Har\u00e1 Aumentar Tu Testosterona \ud83d\udd25","robots":{"index":"index","follow":"follow","max-snippet":"max-snippet:-1","max-image-preview":"max-image-preview:large","max-video-preview":"max-video-preview:-1"},"canonical":"https:\/\/anillodedios.com\/index.php\/producto\/anillo-de-dios\/","og_locale":"es_ES","og_type":"article","og_title":"ANILLO DE DIOS - Comprar Ya En AnilloDeDios.com","og_description":"Env\u00edo Internacional 100% Gratuito | Aut\u00e9ntico y Original Anillo De Dios Que Har\u00e1 Aumentar Tu Testosterona \ud83d\udd25","og_url":"https:\/\/anillodedios.com\/index.php\/producto\/anillo-de-dios\/","og_site_name":"Anillo de Dios","article_modified_time":"2026-05-10T07:41:43+00:00","og_image":[{"width":505,"height":396,"url":"https:\/\/anillodedios.com\/wp-content\/uploads\/2021\/01\/a78a90cc-f46e-4c9c-8660-9c42ef4cb8bb_zps19822ba3-1.jpg","type":"image\/jpeg"}],"twitter_card":"summary_large_image","twitter_misc":{"Tiempo de lectura":"6 minutos"},"schema":{"@context":"https:\/\/schema.org","@graph":[{"@type":"WebPage","@id":"https:\/\/anillodedios.com\/index.php\/producto\/anillo-de-dios\/","url":"https:\/\/anillodedios.com\/index.php\/producto\/anillo-de-dios\/","name":"ANILLO DE DIOS - Comprar Ya En AnilloDeDios.com","isPartOf":{"@id":"https:\/\/anillodedios.com\/#website"},"primaryImageOfPage":{"@id":"https:\/\/anillodedios.com\/index.php\/producto\/anillo-de-dios\/#primaryimage"},"image":{"@id":"https:\/\/anillodedios.com\/index.php\/producto\/anillo-de-dios\/#primaryimage"},"thumbnailUrl":"https:\/\/anillodedios.com\/wp-content\/uploads\/2021\/01\/a78a90cc-f46e-4c9c-8660-9c42ef4cb8bb_zps19822ba3-1.jpg","datePublished":"2021-01-30T20:23:12+00:00","dateModified":"2026-05-10T07:41:43+00:00","description":"Env\u00edo Internacional 100% Gratuito | Aut\u00e9ntico y Original Anillo De Dios Que Har\u00e1 Aumentar Tu Testosterona \ud83d\udd25","breadcrumb":{"@id":"https:\/\/anillodedios.com\/index.php\/producto\/anillo-de-dios\/#breadcrumb"},"inLanguage":"es","potentialAction":[{"@type":"ReadAction","target":["https:\/\/anillodedios.com\/index.php\/producto\/anillo-de-dios\/"]}]},{"@type":"ImageObject","inLanguage":"es","@id":"https:\/\/anillodedios.com\/index.php\/producto\/anillo-de-dios\/#primaryimage","url":"https:\/\/anillodedios.com\/wp-content\/uploads\/2021\/01\/a78a90cc-f46e-4c9c-8660-9c42ef4cb8bb_zps19822ba3-1.jpg","contentUrl":"https:\/\/anillodedios.com\/wp-content\/uploads\/2021\/01\/a78a90cc-f46e-4c9c-8660-9c42ef4cb8bb_zps19822ba3-1.jpg","width":505,"height":396,"caption":"Este es el Anillo de Dios o Blakoe de Testosterona"},{"@type":"BreadcrumbList","@id":"https:\/\/anillodedios.com\/index.php\/producto\/anillo-de-dios\/#breadcrumb","itemListElement":[{"@type":"ListItem","position":1,"name":"Portada","item":"https:\/\/anillodedios.com\/"},{"@type":"ListItem","position":2,"name":"Tienda","item":"https:\/\/anillodedios.com\/index.php\/tienda\/"},{"@type":"ListItem","position":3,"name":"ANILLO DE DIOS"}]},{"@type":"WebSite","@id":"https:\/\/anillodedios.com\/#website","url":"https:\/\/anillodedios.com\/","name":"Anillo de Dios","description":"Compra el Anillo de Dios al mejor precio","publisher":{"@id":"https:\/\/anillodedios.com\/#organization"},"potentialAction":[{"@type":"SearchAction","target":{"@type":"EntryPoint","urlTemplate":"https:\/\/anillodedios.com\/?s={search_term_string}"},"query-input":{"@type":"PropertyValueSpecification","valueRequired":true,"valueName":"search_term_string"}}],"inLanguage":"es"},{"@type":"Organization","@id":"https:\/\/anillodedios.com\/#organization","name":"Anillo De Dios","url":"https:\/\/anillodedios.com\/","logo":{"@type":"ImageObject","inLanguage":"es","@id":"https:\/\/anillodedios.com\/#\/schema\/logo\/image\/","url":"https:\/\/anillodedios.com\/wp-content\/uploads\/2021\/01\/a78a90cc-f46e-4c9c-8660-9c42ef4cb8bb_zps19822ba3-1.jpg","contentUrl":"https:\/\/anillodedios.com\/wp-content\/uploads\/2021\/01\/a78a90cc-f46e-4c9c-8660-9c42ef4cb8bb_zps19822ba3-1.jpg","width":505,"height":396,"caption":"Anillo De Dios"},"image":{"@id":"https:\/\/anillodedios.com\/#\/schema\/logo\/image\/"}}]}},"_links":{"self":[{"href":"https:\/\/anillodedios.com\/index.php\/wp-json\/wp\/v2\/product\/11","targetHints":{"allow":["GET"]}}],"collection":[{"href":"https:\/\/anillodedios.com\/index.php\/wp-json\/wp\/v2\/product"}],"about":[{"href":"https:\/\/anillodedios.com\/index.php\/wp-json\/wp\/v2\/types\/product"}],"replies":[{"embeddable":true,"href":"https:\/\/anillodedios.com\/index.php\/wp-json\/wp\/v2\/comments?post=11"}],"wp:featuredmedia":[{"embeddable":true,"href":"https:\/\/anillodedios.com\/index.php\/wp-json\/wp\/v2\/media\/45"}],"wp:attachment":[{"href":"https:\/\/anillodedios.com\/index.php\/wp-json\/wp\/v2\/media?parent=11"}],"wp:term":[{"taxonomy":"product_brand","embeddable":true,"href":"https:\/\/anillodedios.com\/index.php\/wp-json\/wp\/v2\/product_brand?post=11"},{"taxonomy":"product_cat","embeddable":true,"href":"https:\/\/anillodedios.com\/index.php\/wp-json\/wp\/v2\/product_cat?post=11"},{"taxonomy":"product_tag","embeddable":true,"href":"https:\/\/anillodedios.com\/index.php\/wp-json\/wp\/v2\/product_tag?post=11"}],"curies":[{"name":"wp","href":"https:\/\/api.w.org\/{rel}","templated":true}]}}